{"id":58,"date":"2024-04-05T09:07:43","date_gmt":"2024-04-05T07:07:43","guid":{"rendered":"http:\/\/pcu.4954.de\/?page_id=58"},"modified":"2024-09-04T09:17:50","modified_gmt":"2024-09-04T07:17:50","slug":"impressum","status":"publish","type":"page","link":"https:\/\/pcu.4954.de\/?page_id=58","title":{"rendered":"Impressum"},"content":{"rendered":"\t\t<div data-elementor-type=\"wp-page\" data-elementor-id=\"58\" class=\"elementor elementor-58\" data-elementor-post-type=\"page\">\n\t\t\t\t<div class=\"elementor-element elementor-element-2da6603a e-flex e-con-boxed e-con e-parent\" data-id=\"2da6603a\" data-element_type=\"container\" data-settings=\"{&quot;background_background&quot;:&quot;classic&quot;}\">\n\t\t\t\t\t<div class=\"e-con-inner\">\n\t\t<div class=\"elementor-element elementor-element-12886e1f e-con-full e-flex e-con e-child\" data-id=\"12886e1f\" data-element_type=\"container\">\n\t\t\t\t<div class=\"elementor-element elementor-element-3f527578 elementor-widget elementor-widget-theme-site-logo elementor-widget-image\" data-id=\"3f527578\" data-element_type=\"widget\" data-widget_type=\"theme-site-logo.default\">\n\t\t\t\t<div class=\"elementor-widget-container\">\n\t\t\t\t\t\t\t\t\t\t\t<a href=\"https:\/\/pcu.4954.de\">\n\t\t\t<img decoding=\"async\" width=\"150\" height=\"150\" src=\"https:\/\/pcu.4954.de\/wp-content\/uploads\/2024\/03\/PCU-weiss-aus-schwarz-4000-150x150.png\" class=\"attachment-thumbnail size-thumbnail wp-image-102\" alt=\"\" \/>\t\t\t\t<\/a>\n\t\t\t\t\t\t\t\t\t\t\t<\/div>\n\t\t\t\t<\/div>\n\t\t\t\t<\/div>\n\t\t<div class=\"elementor-element elementor-element-4219d0c2 e-con-full e-flex e-con e-child\" data-id=\"4219d0c2\" data-element_type=\"container\">\n\t\t\t\t<div class=\"elementor-element elementor-element-12b09977 elementor-widget elementor-widget-spacer\" data-id=\"12b09977\" data-element_type=\"widget\" data-widget_type=\"spacer.default\">\n\t\t\t\t<div class=\"elementor-widget-container\">\n\t\t\t\t\t\t\t<div class=\"elementor-spacer\">\n\t\t\t<div class=\"elementor-spacer-inner\"><\/div>\n\t\t<\/div>\n\t\t\t\t\t\t<\/div>\n\t\t\t\t<\/div>\n\t\t\t\t<div class=\"elementor-element elementor-element-2bc2183a elementor-nav-menu__align-end elementor-nav-menu--dropdown-tablet elementor-nav-menu__text-align-aside elementor-nav-menu--toggle elementor-nav-menu--burger elementor-widget elementor-widget-nav-menu\" data-id=\"2bc2183a\" data-element_type=\"widget\" data-settings=\"{&quot;layout&quot;:&quot;horizontal&quot;,&quot;submenu_icon&quot;:{&quot;value&quot;:&quot;&lt;svg class=\\&quot;e-font-icon-svg e-fas-caret-down\\&quot; viewBox=\\&quot;0 0 320 512\\&quot; xmlns=\\&quot;http:\\\/\\\/www.w3.org\\\/2000\\\/svg\\&quot;&gt;&lt;path d=\\&quot;M31.3 192h257.3c17.8 0 26.7 21.5 14.1 34.1L174.1 354.8c-7.8 7.8-20.5 7.8-28.3 0L17.2 226.1C4.6 213.5 13.5 192 31.3 192z\\&quot;&gt;&lt;\\\/path&gt;&lt;\\\/svg&gt;&quot;,&quot;library&quot;:&quot;fa-solid&quot;},&quot;toggle&quot;:&quot;burger&quot;}\" data-widget_type=\"nav-menu.default\">\n\t\t\t\t<div class=\"elementor-widget-container\">\n\t\t\t\t\t\t\t\t<nav aria-label=\"Men\u00fc\" class=\"elementor-nav-menu--main elementor-nav-menu__container elementor-nav-menu--layout-horizontal e--pointer-underline e--animation-fade\">\n\t\t\t\t<ul id=\"menu-1-2bc2183a\" class=\"elementor-nav-menu\"><li class=\"menu-item menu-item-type-custom menu-item-object-custom menu-item-76\"><a href=\"http:\/\/pcu.4954.de\/?page_id=9\/#Mission\" class=\"elementor-item elementor-item-anchor\">Missionen<\/a><\/li>\n<li class=\"menu-item menu-item-type-custom menu-item-object-custom menu-item-77\"><a href=\"http:\/\/pcu.4954.de\/?page_id=9\/#Kontakt\" class=\"elementor-item elementor-item-anchor\">Kontakt<\/a><\/li>\n<\/ul>\t\t\t<\/nav>\n\t\t\t\t\t<div class=\"elementor-menu-toggle\" role=\"button\" tabindex=\"0\" aria-label=\"Menu Toggle\" aria-expanded=\"false\">\n\t\t\t<svg aria-hidden=\"true\" role=\"presentation\" class=\"elementor-menu-toggle__icon--open e-font-icon-svg e-eicon-menu-bar\" viewBox=\"0 0 1000 1000\" xmlns=\"http:\/\/www.w3.org\/2000\/svg\"><path d=\"M104 333H896C929 333 958 304 958 271S929 208 896 208H104C71 208 42 237 42 271S71 333 104 333ZM104 583H896C929 583 958 554 958 521S929 458 896 458H104C71 458 42 487 42 521S71 583 104 583ZM104 833H896C929 833 958 804 958 771S929 708 896 708H104C71 708 42 737 42 771S71 833 104 833Z\"><\/path><\/svg><svg aria-hidden=\"true\" role=\"presentation\" class=\"elementor-menu-toggle__icon--close e-font-icon-svg e-eicon-close\" viewBox=\"0 0 1000 1000\" xmlns=\"http:\/\/www.w3.org\/2000\/svg\"><path d=\"M742 167L500 408 258 167C246 154 233 150 217 150 196 150 179 158 167 167 154 179 150 196 150 212 150 229 154 242 171 254L408 500 167 742C138 771 138 800 167 829 196 858 225 858 254 829L496 587 738 829C750 842 767 846 783 846 800 846 817 842 829 829 842 817 846 804 846 783 846 767 842 750 829 737L588 500 833 258C863 229 863 200 833 171 804 137 775 137 742 167Z\"><\/path><\/svg>\t\t\t<span class=\"elementor-screen-only\">Men\u00fc<\/span>\n\t\t<\/div>\n\t\t\t\t\t<nav class=\"elementor-nav-menu--dropdown elementor-nav-menu__container\" aria-hidden=\"true\">\n\t\t\t\t<ul id=\"menu-2-2bc2183a\" class=\"elementor-nav-menu\"><li class=\"menu-item menu-item-type-custom menu-item-object-custom menu-item-76\"><a href=\"http:\/\/pcu.4954.de\/?page_id=9\/#Mission\" class=\"elementor-item elementor-item-anchor\" tabindex=\"-1\">Missionen<\/a><\/li>\n<li class=\"menu-item menu-item-type-custom menu-item-object-custom menu-item-77\"><a href=\"http:\/\/pcu.4954.de\/?page_id=9\/#Kontakt\" class=\"elementor-item elementor-item-anchor\" tabindex=\"-1\">Kontakt<\/a><\/li>\n<\/ul>\t\t\t<\/nav>\n\t\t\t\t\t\t<\/div>\n\t\t\t\t<\/div>\n\t\t\t\t<\/div>\n\t\t\t\t\t<\/div>\n\t\t\t\t<\/div>\n\t\t<div class=\"elementor-element elementor-element-de9bcec e-flex e-con-boxed e-con e-parent\" data-id=\"de9bcec\" data-element_type=\"container\" data-settings=\"{&quot;background_background&quot;:&quot;classic&quot;}\">\n\t\t\t\t\t<div class=\"e-con-inner\">\n\t\t\t\t<div class=\"elementor-element elementor-element-7c20aa9 elementor-widget elementor-widget-heading\" data-id=\"7c20aa9\" data-element_type=\"widget\" data-widget_type=\"heading.default\">\n\t\t\t\t<div class=\"elementor-widget-container\">\n\t\t\t\t\t<h2 class=\"elementor-heading-title elementor-size-default\">Angaben gem\u00e4\u00df \u00a75 DDG<\/h2>\t\t\t\t<\/div>\n\t\t\t\t<\/div>\n\t\t\t\t<div class=\"elementor-element elementor-element-851b1c9 elementor-widget elementor-widget-text-editor\" data-id=\"851b1c9\" data-element_type=\"widget\" data-widget_type=\"text-editor.default\">\n\t\t\t\t<div class=\"elementor-widget-container\">\n\t\t\t\t\t\t\t\t\t<p>49 54 \u2013 Systeme &amp; Technik Obfr. GmbH<br \/>Ziegelh\u00fcttener Str. 28a<br \/>95326 Kulmbach<\/p><p>vertreten durch gesch\u00e4ftsf\u00fchrenden Gesellschafter Jan Fischer<\/p><p>+49 9221 \/ 6917630<br \/>mail@4954.de<\/p><p><em>Postanschrift:<\/em><br \/><em>Burghaiger Str. 46<\/em><br \/><em>95326 Kulmbach<\/em><\/p><p>UST-ID: DE324669113<br \/>Handelsregister: HRB 6972<br \/>Registergericht: Amtsgericht Bayreuth<\/p><p>www.4954.de<\/p><p>Verantwortlicher f\u00fcr journalistisch-redaktionelle Betr\u00e4ge gem\u00e4\u00df \u00a718 MStV<br \/>Jan Fischer<\/p><p><strong>Zust\u00e4ndige Regulierungs- und Aufsichtsbeh\u00f6rde<\/strong><br \/>Bayerische Landeszentrale f\u00fcr neue Medien (BLM)<br \/>Rechtsf\u00e4hige Anstalt des \u00f6ffentlichen Rechts<br \/>Heinrich-L\u00fcbke-Str. 27<br \/>81737 M\u00fcnchen<br \/>+49 89 \/ 638080<br \/>info@blm.de<\/p>\t\t\t\t\t\t\t\t<\/div>\n\t\t\t\t<\/div>\n\t\t\t\t<div class=\"elementor-element elementor-element-335066a elementor-widget elementor-widget-heading\" data-id=\"335066a\" data-element_type=\"widget\" data-widget_type=\"heading.default\">\n\t\t\t\t<div class=\"elementor-widget-container\">\n\t\t\t\t\t<h2 class=\"elementor-heading-title elementor-size-default\">Haftungsausschluss<\/h2>\t\t\t\t<\/div>\n\t\t\t\t<\/div>\n\t\t\t\t<div class=\"elementor-element elementor-element-af98b10 elementor-widget elementor-widget-text-editor\" data-id=\"af98b10\" data-element_type=\"widget\" data-widget_type=\"text-editor.default\">\n\t\t\t\t<div class=\"elementor-widget-container\">\n\t\t\t\t\t\t\t\t\t<p><strong>Haftung f\u00fcr Inhalte<\/strong><br \/>Die Inhalte unserer Seiten wurden mit gr\u00f6\u00dfter Sorgfalt erstellt. F\u00fcr die Richtigkeit, Vollst\u00e4ndigkeit und Aktualit\u00e4t der Inhalte k\u00f6nnen wir jedoch keine Gew\u00e4hr \u00fcbernehmen. Als Dienstanbieter sind wir gem\u00e4\u00df \u00a77 Abs. 1 TMG f\u00fcr eigene Inhalte auf diesen Seiten nach den allgemeinen Gesetzen verantwortlich. Nach \u00a7\u00a78 bis 10 TMG sind wir als Dienstanbieter jedoch nicht verpflichtet, \u00fcbermittelte oder gespeicherte fremde Informationen zu \u00fcberwachen oder nach Umst\u00e4nden zu forschen, die auf eine rechtswidrige T\u00e4tigkeit hinweisen. Verpflichtungen zur Entfernung oder Sperrung der Nutzung von Informationen nach den allgemeinen Gesetzen bleiben hiervon unber\u00fchrt. Eine diesbez\u00fcgliche Haftung ist jedoch erst ab dem Zeitpunkt der Kenntnis einer konkreten Rechtsverletzung m\u00f6glich. Bei Bekanntwerden von entsprechenden Rechtsverletzungen werden wir diese Inhalte umgehend entfernen.<\/p><p><strong>Haftung f\u00fcr Links<\/strong><br \/>Unser Angebot enth\u00e4lt ggf. Links zu externen Webseiten Dritter, auf deren Inhalt wir keinen Einfluss haben. Deshalb k\u00f6nnen wir f\u00fcr diese fremden Inhalte auch keine Gew\u00e4hr \u00fcbernehmen. F\u00fcr die Inhalte der verlinkten Seiten ist stets der jeweilige Anbieter oder Betreiber der Seiten verantwortlich. Die verlinkten Seiten wurden zum Zeitpunkt der Verlinkung auf m\u00f6gliche Rechtsverst\u00f6\u00dfe gepr\u00fcft. Rechtswidrige Inhalte waren zum Zeitpunkt der Verlinkung nicht erkennbar. Eine permanente inhaltliche Kontrolle der verlinkten Seiten ist jedoch ohne konkrete Anhaltspunkte einer Rechtsverletzung nicht zumutbar. Bei Bekanntwerden von Rechtsverletzungen werden wir derartige Links umgehend entfernen.<\/p><p><strong>Urheberrecht<\/strong><br \/>Die durch die Seitenbetreiber erstellten Inhalte und Werke auf diesen Seiten unterliegen dem deutschen Urheberrecht. Die Vervielf\u00e4ltigung, Bearbeitung, Verbreitung und jede Art der Verwertung au\u00dferhalb der Grenzen des Urheberrechts bed\u00fcrfen der schriftlichen Zustimmung des jeweiligen Autors bzw. Erstellers.- Downloads und Kopien dieser Seite sind nur f\u00fcr den privaten, nicht kommerziellen Gebrauch gestattet. Soweit die Inhalte dieser Seite nicht vom Betreiber erstellt wurden, werden die Urheberrechte Dritter beachtet. Sollten Sie trotzdem auf eine Urheberrechtsverletzung aufmerksam werden, bitten wir um entsprechenden Hinweis. Bei Bekanntwerden von Rechtsverletzungen werden wir derartige Inhalte umgehend entfernen.<\/p><p>\u00a0<\/p>\t\t\t\t\t\t\t\t<\/div>\n\t\t\t\t<\/div>\n\t\t\t\t\t<\/div>\n\t\t\t\t<\/div>\n\t\t<div class=\"elementor-element elementor-element-687d53aa e-flex e-con-boxed e-con e-parent\" data-id=\"687d53aa\" data-element_type=\"container\" data-settings=\"{&quot;background_background&quot;:&quot;classic&quot;}\">\n\t\t\t\t\t<div class=\"e-con-inner\">\n\t\t<div class=\"elementor-element elementor-element-4a0e3f0b e-con-full e-flex e-con e-child\" data-id=\"4a0e3f0b\" data-element_type=\"container\">\n\t\t\t\t<div class=\"elementor-element elementor-element-29562a1c elementor-widget elementor-widget-theme-site-logo elementor-widget-image\" data-id=\"29562a1c\" data-element_type=\"widget\" data-widget_type=\"theme-site-logo.default\">\n\t\t\t\t<div class=\"elementor-widget-container\">\n\t\t\t\t\t\t\t\t\t\t\t<a href=\"https:\/\/pcu.4954.de\">\n\t\t\t<img decoding=\"async\" width=\"150\" height=\"150\" src=\"https:\/\/pcu.4954.de\/wp-content\/uploads\/2024\/03\/PCU-weiss-aus-schwarz-4000-150x150.png\" class=\"attachment-thumbnail size-thumbnail wp-image-102\" alt=\"\" \/>\t\t\t\t<\/a>\n\t\t\t\t\t\t\t\t\t\t\t<\/div>\n\t\t\t\t<\/div>\n\t\t\t\t<div class=\"elementor-element elementor-element-709a538f elementor-widget elementor-widget-text-editor\" data-id=\"709a538f\" data-element_type=\"widget\" data-widget_type=\"text-editor.default\">\n\t\t\t\t<div class=\"elementor-widget-container\">\n\t\t\t\t\t\t\t\t\t<p><strong>PCU by 49 54<\/strong> &#8211; Systeme &amp; Technik Obfr. GmbH<br \/>Ziegelh\u00fcttener Str. 28a<br \/>95326 Kulmbach<\/p>\t\t\t\t\t\t\t\t<\/div>\n\t\t\t\t<\/div>\n\t\t\t\t<\/div>\n\t\t<div class=\"elementor-element elementor-element-9d269a8 e-con-full e-flex e-con e-child\" data-id=\"9d269a8\" data-element_type=\"container\">\n\t\t\t\t<div class=\"elementor-element elementor-element-43b7fdc7 elementor-widget elementor-widget-spacer\" data-id=\"43b7fdc7\" data-element_type=\"widget\" data-widget_type=\"spacer.default\">\n\t\t\t\t<div class=\"elementor-widget-container\">\n\t\t\t\t\t\t\t<div class=\"elementor-spacer\">\n\t\t\t<div class=\"elementor-spacer-inner\"><\/div>\n\t\t<\/div>\n\t\t\t\t\t\t<\/div>\n\t\t\t\t<\/div>\n\t\t\t\t<div class=\"elementor-element elementor-element-50f14af4 elementor-nav-menu__align-end elementor-nav-menu--dropdown-tablet elementor-nav-menu__text-align-aside elementor-nav-menu--toggle elementor-nav-menu--burger elementor-widget elementor-widget-nav-menu\" data-id=\"50f14af4\" data-element_type=\"widget\" data-settings=\"{&quot;layout&quot;:&quot;horizontal&quot;,&quot;submenu_icon&quot;:{&quot;value&quot;:&quot;&lt;svg class=\\&quot;e-font-icon-svg e-fas-caret-down\\&quot; viewBox=\\&quot;0 0 320 512\\&quot; xmlns=\\&quot;http:\\\/\\\/www.w3.org\\\/2000\\\/svg\\&quot;&gt;&lt;path d=\\&quot;M31.3 192h257.3c17.8 0 26.7 21.5 14.1 34.1L174.1 354.8c-7.8 7.8-20.5 7.8-28.3 0L17.2 226.1C4.6 213.5 13.5 192 31.3 192z\\&quot;&gt;&lt;\\\/path&gt;&lt;\\\/svg&gt;&quot;,&quot;library&quot;:&quot;fa-solid&quot;},&quot;toggle&quot;:&quot;burger&quot;}\" data-widget_type=\"nav-menu.default\">\n\t\t\t\t<div class=\"elementor-widget-container\">\n\t\t\t\t\t\t\t\t<nav aria-label=\"Men\u00fc\" class=\"elementor-nav-menu--main elementor-nav-menu__container elementor-nav-menu--layout-horizontal e--pointer-underline e--animation-fade\">\n\t\t\t\t<ul id=\"menu-1-50f14af4\" class=\"elementor-nav-menu\"><li class=\"menu-item menu-item-type-custom menu-item-object-custom menu-item-80\"><a href=\"http:\/\/pcu.4954.de\/?page_id=58\" class=\"elementor-item\">Impressum<\/a><\/li>\n<li class=\"menu-item menu-item-type-custom menu-item-object-custom menu-item-79\"><a href=\"http:\/\/pcu.4954.de\/?page_id=63\" class=\"elementor-item\">Datenschutz<\/a><\/li>\n<\/ul>\t\t\t<\/nav>\n\t\t\t\t\t<div class=\"elementor-menu-toggle\" role=\"button\" tabindex=\"0\" aria-label=\"Menu Toggle\" aria-expanded=\"false\">\n\t\t\t<svg aria-hidden=\"true\" role=\"presentation\" class=\"elementor-menu-toggle__icon--open e-font-icon-svg e-eicon-menu-bar\" viewBox=\"0 0 1000 1000\" xmlns=\"http:\/\/www.w3.org\/2000\/svg\"><path d=\"M104 333H896C929 333 958 304 958 271S929 208 896 208H104C71 208 42 237 42 271S71 333 104 333ZM104 583H896C929 583 958 554 958 521S929 458 896 458H104C71 458 42 487 42 521S71 583 104 583ZM104 833H896C929 833 958 804 958 771S929 708 896 708H104C71 708 42 737 42 771S71 833 104 833Z\"><\/path><\/svg><svg aria-hidden=\"true\" role=\"presentation\" class=\"elementor-menu-toggle__icon--close e-font-icon-svg e-eicon-close\" viewBox=\"0 0 1000 1000\" xmlns=\"http:\/\/www.w3.org\/2000\/svg\"><path d=\"M742 167L500 408 258 167C246 154 233 150 217 150 196 150 179 158 167 167 154 179 150 196 150 212 150 229 154 242 171 254L408 500 167 742C138 771 138 800 167 829 196 858 225 858 254 829L496 587 738 829C750 842 767 846 783 846 800 846 817 842 829 829 842 817 846 804 846 783 846 767 842 750 829 737L588 500 833 258C863 229 863 200 833 171 804 137 775 137 742 167Z\"><\/path><\/svg>\t\t\t<span class=\"elementor-screen-only\">Men\u00fc<\/span>\n\t\t<\/div>\n\t\t\t\t\t<nav class=\"elementor-nav-menu--dropdown elementor-nav-menu__container\" aria-hidden=\"true\">\n\t\t\t\t<ul id=\"menu-2-50f14af4\" class=\"elementor-nav-menu\"><li class=\"menu-item menu-item-type-custom menu-item-object-custom menu-item-80\"><a href=\"http:\/\/pcu.4954.de\/?page_id=58\" class=\"elementor-item\" tabindex=\"-1\">Impressum<\/a><\/li>\n<li class=\"menu-item menu-item-type-custom menu-item-object-custom menu-item-79\"><a href=\"http:\/\/pcu.4954.de\/?page_id=63\" class=\"elementor-item\" tabindex=\"-1\">Datenschutz<\/a><\/li>\n<\/ul>\t\t\t<\/nav>\n\t\t\t\t\t\t<\/div>\n\t\t\t\t<\/div>\n\t\t\t\t<\/div>\n\t\t\t\t\t<\/div>\n\t\t\t\t<\/div>\n\t\t\t\t<\/div>\n\t\t","protected":false},"excerpt":{"rendered":"<p>Angaben gem\u00e4\u00df \u00a75 DDG 49 54 \u2013 Systeme &amp; Technik Obfr. GmbHZiegelh\u00fcttener Str. 28a95326 Kulmbach vertreten durch gesch\u00e4ftsf\u00fchrenden Gesellschafter Jan Fischer +49 9221 \/ 6917630mail@4954.de Postanschrift:Burghaiger Str. 4695326 Kulmbach UST-ID: DE324669113Handelsregister: HRB 6972Registergericht: Amtsgericht Bayreuth www.4954.de Verantwortlicher f\u00fcr journalistisch-redaktionelle Betr\u00e4ge gem\u00e4\u00df \u00a718 MStVJan Fischer Zust\u00e4ndige Regulierungs- und Aufsichtsbeh\u00f6rdeBayerische Landeszentrale f\u00fcr neue Medien (BLM)Rechtsf\u00e4hige Anstalt des [&hellip;]<\/p>\n","protected":false},"author":1,"featured_media":0,"parent":0,"menu_order":0,"comment_status":"closed","ping_status":"closed","template":"elementor_canvas","meta":{"footnotes":""},"class_list":["post-58","page","type-page","status-publish","hentry"],"yoast_head":"<!-- This site is optimized with the Yoast SEO plugin v25.3.1 - https:\/\/yoast.com\/wordpress\/plugins\/seo\/ -->\n<title>Impressum - PCU by 49 54 - High Tech Sports<\/title>\n<meta name=\"robots\" content=\"index, follow, max-snippet:-1, max-image-preview:large, max-video-preview:-1\" \/>\n<link rel=\"canonical\" href=\"https:\/\/pcu.4954.de\/?page_id=58\" \/>\n<meta property=\"og:locale\" content=\"de_DE\" \/>\n<meta property=\"og:type\" content=\"article\" \/>\n<meta property=\"og:title\" content=\"Impressum - PCU by 49 54 - High Tech Sports\" \/>\n<meta property=\"og:description\" content=\"Angaben gem\u00e4\u00df \u00a75 DDG 49 54 \u2013 Systeme &amp; Technik Obfr. GmbHZiegelh\u00fcttener Str. 28a95326 Kulmbach vertreten durch gesch\u00e4ftsf\u00fchrenden Gesellschafter Jan Fischer +49 9221 \/ 6917630mail@4954.de Postanschrift:Burghaiger Str. 4695326 Kulmbach UST-ID: DE324669113Handelsregister: HRB 6972Registergericht: Amtsgericht Bayreuth www.4954.de Verantwortlicher f\u00fcr journalistisch-redaktionelle Betr\u00e4ge gem\u00e4\u00df \u00a718 MStVJan Fischer Zust\u00e4ndige Regulierungs- und Aufsichtsbeh\u00f6rdeBayerische Landeszentrale f\u00fcr neue Medien (BLM)Rechtsf\u00e4hige Anstalt des [&hellip;]\" \/>\n<meta property=\"og:url\" content=\"https:\/\/pcu.4954.de\/?page_id=58\" \/>\n<meta property=\"og:site_name\" content=\"PCU by 49 54 - High Tech Sports\" \/>\n<meta property=\"article:publisher\" content=\"https:\/\/www.facebook.com\/profile.php?id=61556973324016\" \/>\n<meta property=\"article:modified_time\" content=\"2024-09-04T07:17:50+00:00\" \/>\n<meta name=\"twitter:card\" content=\"summary_large_image\" \/>\n<meta name=\"twitter:label1\" content=\"Gesch\u00e4tzte Lesezeit\" \/>\n\t<meta name=\"twitter:data1\" content=\"3\u00a0Minuten\" \/>\n<script type=\"application\/ld+json\" class=\"yoast-schema-graph\">{\"@context\":\"https:\/\/schema.org\",\"@graph\":[{\"@type\":\"WebPage\",\"@id\":\"https:\/\/pcu.4954.de\/?page_id=58\",\"url\":\"https:\/\/pcu.4954.de\/?page_id=58\",\"name\":\"Impressum - PCU by 49 54 - High Tech Sports\",\"isPartOf\":{\"@id\":\"https:\/\/pcu.4954.de\/#website\"},\"datePublished\":\"2024-04-05T07:07:43+00:00\",\"dateModified\":\"2024-09-04T07:17:50+00:00\",\"breadcrumb\":{\"@id\":\"https:\/\/pcu.4954.de\/?page_id=58#breadcrumb\"},\"inLanguage\":\"de\",\"potentialAction\":[{\"@type\":\"ReadAction\",\"target\":[\"https:\/\/pcu.4954.de\/?page_id=58\"]}]},{\"@type\":\"BreadcrumbList\",\"@id\":\"https:\/\/pcu.4954.de\/?page_id=58#breadcrumb\",\"itemListElement\":[{\"@type\":\"ListItem\",\"position\":1,\"name\":\"Startseite\",\"item\":\"https:\/\/pcu.4954.de\/\"},{\"@type\":\"ListItem\",\"position\":2,\"name\":\"Impressum\"}]},{\"@type\":\"WebSite\",\"@id\":\"https:\/\/pcu.4954.de\/#website\",\"url\":\"https:\/\/pcu.4954.de\/\",\"name\":\"PCU by 49 54 - High Tech Sports\",\"description\":\"\",\"publisher\":{\"@id\":\"https:\/\/pcu.4954.de\/#organization\"},\"potentialAction\":[{\"@type\":\"SearchAction\",\"target\":{\"@type\":\"EntryPoint\",\"urlTemplate\":\"https:\/\/pcu.4954.de\/?s={search_term_string}\"},\"query-input\":{\"@type\":\"PropertyValueSpecification\",\"valueRequired\":true,\"valueName\":\"search_term_string\"}}],\"inLanguage\":\"de\"},{\"@type\":\"Organization\",\"@id\":\"https:\/\/pcu.4954.de\/#organization\",\"name\":\"PCU by 49 54 - High Tech Sports\",\"url\":\"https:\/\/pcu.4954.de\/\",\"logo\":{\"@type\":\"ImageObject\",\"inLanguage\":\"de\",\"@id\":\"https:\/\/pcu.4954.de\/#\/schema\/logo\/image\/\",\"url\":\"http:\/\/pcu.4954.de\/wp-content\/uploads\/2024\/03\/PCU-weiss-auf-schwarz.jpg\",\"contentUrl\":\"http:\/\/pcu.4954.de\/wp-content\/uploads\/2024\/03\/PCU-weiss-auf-schwarz.jpg\",\"width\":1301,\"height\":1304,\"caption\":\"PCU by 49 54 - High Tech Sports\"},\"image\":{\"@id\":\"https:\/\/pcu.4954.de\/#\/schema\/logo\/image\/\"},\"sameAs\":[\"https:\/\/www.facebook.com\/profile.php?id=61556973324016\",\"https:\/\/www.instagram.com\/lasertagkulmbach\/\"]}]}<\/script>\n<!-- \/ Yoast SEO plugin. -->","yoast_head_json":{"title":"Impressum - PCU by 49 54 - High Tech Sports","robots":{"index":"index","follow":"follow","max-snippet":"max-snippet:-1","max-image-preview":"max-image-preview:large","max-video-preview":"max-video-preview:-1"},"canonical":"https:\/\/pcu.4954.de\/?page_id=58","og_locale":"de_DE","og_type":"article","og_title":"Impressum - PCU by 49 54 - High Tech Sports","og_description":"Angaben gem\u00e4\u00df \u00a75 DDG 49 54 \u2013 Systeme &amp; Technik Obfr. GmbHZiegelh\u00fcttener Str. 28a95326 Kulmbach vertreten durch gesch\u00e4ftsf\u00fchrenden Gesellschafter Jan Fischer +49 9221 \/ 6917630mail@4954.de Postanschrift:Burghaiger Str. 4695326 Kulmbach UST-ID: DE324669113Handelsregister: HRB 6972Registergericht: Amtsgericht Bayreuth www.4954.de Verantwortlicher f\u00fcr journalistisch-redaktionelle Betr\u00e4ge gem\u00e4\u00df \u00a718 MStVJan Fischer Zust\u00e4ndige Regulierungs- und Aufsichtsbeh\u00f6rdeBayerische Landeszentrale f\u00fcr neue Medien (BLM)Rechtsf\u00e4hige Anstalt des [&hellip;]","og_url":"https:\/\/pcu.4954.de\/?page_id=58","og_site_name":"PCU by 49 54 - High Tech Sports","article_publisher":"https:\/\/www.facebook.com\/profile.php?id=61556973324016","article_modified_time":"2024-09-04T07:17:50+00:00","twitter_card":"summary_large_image","twitter_misc":{"Gesch\u00e4tzte Lesezeit":"3\u00a0Minuten"},"schema":{"@context":"https:\/\/schema.org","@graph":[{"@type":"WebPage","@id":"https:\/\/pcu.4954.de\/?page_id=58","url":"https:\/\/pcu.4954.de\/?page_id=58","name":"Impressum - PCU by 49 54 - High Tech Sports","isPartOf":{"@id":"https:\/\/pcu.4954.de\/#website"},"datePublished":"2024-04-05T07:07:43+00:00","dateModified":"2024-09-04T07:17:50+00:00","breadcrumb":{"@id":"https:\/\/pcu.4954.de\/?page_id=58#breadcrumb"},"inLanguage":"de","potentialAction":[{"@type":"ReadAction","target":["https:\/\/pcu.4954.de\/?page_id=58"]}]},{"@type":"BreadcrumbList","@id":"https:\/\/pcu.4954.de\/?page_id=58#breadcrumb","itemListElement":[{"@type":"ListItem","position":1,"name":"Startseite","item":"https:\/\/pcu.4954.de\/"},{"@type":"ListItem","position":2,"name":"Impressum"}]},{"@type":"WebSite","@id":"https:\/\/pcu.4954.de\/#website","url":"https:\/\/pcu.4954.de\/","name":"PCU by 49 54 - High Tech Sports","description":"","publisher":{"@id":"https:\/\/pcu.4954.de\/#organization"},"potentialAction":[{"@type":"SearchAction","target":{"@type":"EntryPoint","urlTemplate":"https:\/\/pcu.4954.de\/?s={search_term_string}"},"query-input":{"@type":"PropertyValueSpecification","valueRequired":true,"valueName":"search_term_string"}}],"inLanguage":"de"},{"@type":"Organization","@id":"https:\/\/pcu.4954.de\/#organization","name":"PCU by 49 54 - High Tech Sports","url":"https:\/\/pcu.4954.de\/","logo":{"@type":"ImageObject","inLanguage":"de","@id":"https:\/\/pcu.4954.de\/#\/schema\/logo\/image\/","url":"http:\/\/pcu.4954.de\/wp-content\/uploads\/2024\/03\/PCU-weiss-auf-schwarz.jpg","contentUrl":"http:\/\/pcu.4954.de\/wp-content\/uploads\/2024\/03\/PCU-weiss-auf-schwarz.jpg","width":1301,"height":1304,"caption":"PCU by 49 54 - High Tech Sports"},"image":{"@id":"https:\/\/pcu.4954.de\/#\/schema\/logo\/image\/"},"sameAs":["https:\/\/www.facebook.com\/profile.php?id=61556973324016","https:\/\/www.instagram.com\/lasertagkulmbach\/"]}]}},"_links":{"self":[{"href":"https:\/\/pcu.4954.de\/index.php?rest_route=\/wp\/v2\/pages\/58","targetHints":{"allow":["GET"]}}],"collection":[{"href":"https:\/\/pcu.4954.de\/index.php?rest_route=\/wp\/v2\/pages"}],"about":[{"href":"https:\/\/pcu.4954.de\/index.php?rest_route=\/wp\/v2\/types\/page"}],"author":[{"embeddable":true,"href":"https:\/\/pcu.4954.de\/index.php?rest_route=\/wp\/v2\/users\/1"}],"replies":[{"embeddable":true,"href":"https:\/\/pcu.4954.de\/index.php?rest_route=%2Fwp%2Fv2%2Fcomments&post=58"}],"version-history":[{"count":17,"href":"https:\/\/pcu.4954.de\/index.php?rest_route=\/wp\/v2\/pages\/58\/revisions"}],"predecessor-version":[{"id":488,"href":"https:\/\/pcu.4954.de\/index.php?rest_route=\/wp\/v2\/pages\/58\/revisions\/488"}],"wp:attachment":[{"href":"https:\/\/pcu.4954.de\/index.php?rest_route=%2Fwp%2Fv2%2Fmedia&parent=58"}],"curies":[{"name":"wp","href":"https:\/\/api.w.org\/{rel}","templated":true}]}}